{"id":8970,"date":"2023-02-06T11:12:03","date_gmt":"2023-02-06T10:12:03","guid":{"rendered":"https:\/\/bnuto.cultura.gov.it\/location-despaces\/salle-dexposition-filippo-juvarra\/"},"modified":"2026-02-17T14:35:51","modified_gmt":"2026-02-17T13:35:51","slug":"salle-dexposition-filippo-juvarra","status":"publish","type":"page","link":"https:\/\/bnuto.cultura.gov.it\/fr\/location-despaces\/salle-dexposition-filippo-juvarra\/","title":{"rendered":"Salle d&#8217;exposition Filippo Juvarra"},"content":{"rendered":"<section class=\"l-section wpb_row height_auto\"><div class=\"l-section-h i-cf\"><div class=\"g-cols vc_row via_flex valign_top type_default stacking_default\"><div class=\"vc_col-sm-12 wpb_column vc_column_container\"><div class=\"vc_column-inner\"><div class=\"wpb_wrapper\"><div class=\"wpb_text_column\"><div class=\"wpb_wrapper\"><p>L&#8217;espace d&#8217;exposition se compose d&#8217;un hall d&#8217;environ 260 m\u00e8tres carr\u00e9s et a \u00e9t\u00e9 r\u00e9nov\u00e9 en 2015 en m\u00eame temps que l&#8217;auditorium Vivaldi.<\/p>\n<p>Il est accessible \u00e0 la fois depuis l&#8217;entr\u00e9e principale de la Biblioth\u00e8que, par une courte vol\u00e9e de marches, et depuis l&#8217;entr\u00e9e de l&#8217;Auditorium Antonio Vivaldi sur la Piazza Carlo Alberto 5 ; il est \u00e9galement accessible aux personnes handicap\u00e9es depuis l&#8217;entr\u00e9e principale de la Biblioth\u00e8que, par deux ascenseurs situ\u00e9s sur le c\u00f4t\u00e9 de la zone de r\u00e9ception, et depuis l&#8217;entr\u00e9e de l&#8217;Auditorium par une rampe d&#8217;acc\u00e8s.<\/p>\n<p>Dans le b\u00e2timent, il y a, du c\u00f4t\u00e9 de la Via Battisti, une all\u00e9e de chargement et de d\u00e9chargement, couverte et s\u00e9par\u00e9e de l&#8217;acc\u00e8s public, qui peut \u00eatre utilis\u00e9e pour la livraison et l&#8217;enl\u00e8vement des \u0153uvres dans une zone s\u00e9curis\u00e9e et surveill\u00e9e par vid\u00e9o.<\/p>\n<p>L&#8217;espace d&#8217;exposition n&#8217;a pas de portes donnant sur l&#8217;ext\u00e9rieur du b\u00e2timent.<\/p>\n<p>L&#8217;espace est modulable ; il est compos\u00e9 de vitrines et de pr\u00e9sentoirs modernes en verre incassable, \u00e9quip\u00e9s d&#8217;une lumi\u00e8re froide pour \u00e9clairer les objets expos\u00e9s.Ces derni\u00e8res ann\u00e9es, des dizaines d&#8217;expositions de toutes sortes ont \u00e9t\u00e9 organis\u00e9es : livres, photographies, peintures, sculptures, etc.<\/p>\n<\/div><\/div><div class=\"w-btn-wrapper align_none\"><a class=\"w-btn us-btn-style_2 us_custom_af6a9b6a\" target=\"_blank\" href=\"\/wp-content\/uploads\/2023\/07\/Facility-report-Sala-Juvarra.pdf\"><span class=\"w-btn-label\">Rapport sur les installations<\/span><\/a><\/div><\/div><\/div><\/div><\/div><\/div><\/section>\n","protected":false},"excerpt":{"rendered":"L&#8217;espace d&#8217;exposition se compose d&#8217;un hall d&#8217;environ 260 m\u00e8tres carr\u00e9s et a \u00e9t\u00e9 r\u00e9nov\u00e9 en 2015 en m\u00eame temps que l&#8217;auditorium Vivaldi. Il est accessible \u00e0 la fois depuis l&#8217;entr\u00e9e principale de la Biblioth\u00e8que, par une courte vol\u00e9e de marches, et depuis l&#8217;entr\u00e9e de l&#8217;Auditorium Antonio Vivaldi sur la Piazza Carlo Alberto 5 ; il...","protected":false},"author":3,"featured_media":0,"parent":8927,"menu_order":2,"comment_status":"closed","ping_status":"closed","template":"","meta":{"_acf_changed":false,"footnotes":""},"category_page":[14],"class_list":["post-8970","page","type-page","status-publish","hentry","category_page-concessione-degli-spazi"],"acf":[],"yoast_head":"<!-- This site is optimized with the Yoast SEO plugin v27.4 - https:\/\/yoast.com\/product\/yoast-seo-wordpress\/ -->\n<title>Salle d&#039;exposition Filippo Juvarra | Biblioteca Nazionale Universitaria di Torino<\/title>\n<meta name=\"robots\" content=\"index, follow, max-snippet:-1, max-image-preview:large, max-video-preview:-1\" \/>\n<link rel=\"canonical\" href=\"https:\/\/bnuto.cultura.gov.it\/fr\/location-despaces\/salle-dexposition-filippo-juvarra\/\" \/>\n<meta property=\"og:locale\" content=\"fr_FR\" \/>\n<meta property=\"og:type\" content=\"article\" \/>\n<meta property=\"og:title\" content=\"Salle d&#039;exposition Filippo Juvarra | Biblioteca Nazionale Universitaria di Torino\" \/>\n<meta property=\"og:url\" content=\"https:\/\/bnuto.cultura.gov.it\/fr\/location-despaces\/salle-dexposition-filippo-juvarra\/\" \/>\n<meta property=\"og:site_name\" content=\"Biblioteca Nazionale Universitaria di Torino\" \/>\n<meta property=\"article:modified_time\" content=\"2026-02-17T13:35:51+00:00\" \/>\n<meta name=\"twitter:card\" content=\"summary_large_image\" \/>\n<meta name=\"twitter:label1\" content=\"Est. reading time\" \/>\n\t<meta name=\"twitter:data1\" content=\"2 minutes\" \/>\n<script type=\"application\/ld+json\" class=\"yoast-schema-graph\">{\"@context\":\"https:\\\/\\\/schema.org\",\"@graph\":[{\"@type\":\"WebPage\",\"@id\":\"https:\\\/\\\/bnuto.cultura.gov.it\\\/fr\\\/location-despaces\\\/salle-dexposition-filippo-juvarra\\\/\",\"url\":\"https:\\\/\\\/bnuto.cultura.gov.it\\\/fr\\\/location-despaces\\\/salle-dexposition-filippo-juvarra\\\/\",\"name\":\"Salle d'exposition Filippo Juvarra | Biblioteca Nazionale Universitaria di Torino\",\"isPartOf\":{\"@id\":\"https:\\\/\\\/bnuto.cultura.gov.it\\\/fr\\\/#website\"},\"datePublished\":\"2023-02-06T10:12:03+00:00\",\"dateModified\":\"2026-02-17T13:35:51+00:00\",\"breadcrumb\":{\"@id\":\"https:\\\/\\\/bnuto.cultura.gov.it\\\/fr\\\/location-despaces\\\/salle-dexposition-filippo-juvarra\\\/#breadcrumb\"},\"inLanguage\":\"fr-FR\",\"potentialAction\":[{\"@type\":\"ReadAction\",\"target\":[\"https:\\\/\\\/bnuto.cultura.gov.it\\\/fr\\\/location-despaces\\\/salle-dexposition-filippo-juvarra\\\/\"]}]},{\"@type\":\"BreadcrumbList\",\"@id\":\"https:\\\/\\\/bnuto.cultura.gov.it\\\/fr\\\/location-despaces\\\/salle-dexposition-filippo-juvarra\\\/#breadcrumb\",\"itemListElement\":[{\"@type\":\"ListItem\",\"position\":1,\"name\":\"Home\",\"item\":\"https:\\\/\\\/bnuto.cultura.gov.it\\\/fr\\\/\"},{\"@type\":\"ListItem\",\"position\":2,\"name\":\"Location d\u2019espaces\",\"item\":\"https:\\\/\\\/bnuto.cultura.gov.it\\\/fr\\\/location-despaces\\\/\"},{\"@type\":\"ListItem\",\"position\":3,\"name\":\"Salle d&#8217;exposition Filippo Juvarra\"}]},{\"@type\":\"WebSite\",\"@id\":\"https:\\\/\\\/bnuto.cultura.gov.it\\\/fr\\\/#website\",\"url\":\"https:\\\/\\\/bnuto.cultura.gov.it\\\/fr\\\/\",\"name\":\"Biblioteca Nazionale Universitaria di Torino\",\"description\":\"Un nuovo sito targato WordPress\",\"publisher\":{\"@id\":\"https:\\\/\\\/bnuto.cultura.gov.it\\\/fr\\\/#organization\"},\"potentialAction\":[{\"@type\":\"SearchAction\",\"target\":{\"@type\":\"EntryPoint\",\"urlTemplate\":\"https:\\\/\\\/bnuto.cultura.gov.it\\\/fr\\\/?s={search_term_string}\"},\"query-input\":{\"@type\":\"PropertyValueSpecification\",\"valueRequired\":true,\"valueName\":\"search_term_string\"}}],\"inLanguage\":\"fr-FR\"},{\"@type\":\"Organization\",\"@id\":\"https:\\\/\\\/bnuto.cultura.gov.it\\\/fr\\\/#organization\",\"name\":\"Biblioteca Nazionale Universitaria di Torino\",\"url\":\"https:\\\/\\\/bnuto.cultura.gov.it\\\/fr\\\/\",\"logo\":{\"@type\":\"ImageObject\",\"inLanguage\":\"fr-FR\",\"@id\":\"https:\\\/\\\/bnuto.cultura.gov.it\\\/fr\\\/#\\\/schema\\\/logo\\\/image\\\/\",\"url\":\"https:\\\/\\\/bnuto.cultura.gov.it\\\/wp-content\\\/uploads\\\/2022\\\/10\\\/logo-biblioteca-nazionale-nero.png\",\"contentUrl\":\"https:\\\/\\\/bnuto.cultura.gov.it\\\/wp-content\\\/uploads\\\/2022\\\/10\\\/logo-biblioteca-nazionale-nero.png\",\"width\":70,\"height\":77,\"caption\":\"Biblioteca Nazionale Universitaria di Torino\"},\"image\":{\"@id\":\"https:\\\/\\\/bnuto.cultura.gov.it\\\/fr\\\/#\\\/schema\\\/logo\\\/image\\\/\"}}]}<\/script>\n<!-- \/ Yoast SEO plugin. -->","yoast_head_json":{"title":"Salle d'exposition Filippo Juvarra | Biblioteca Nazionale Universitaria di Torino","robots":{"index":"index","follow":"follow","max-snippet":"max-snippet:-1","max-image-preview":"max-image-preview:large","max-video-preview":"max-video-preview:-1"},"canonical":"https:\/\/bnuto.cultura.gov.it\/fr\/location-despaces\/salle-dexposition-filippo-juvarra\/","og_locale":"fr_FR","og_type":"article","og_title":"Salle d'exposition Filippo Juvarra | Biblioteca Nazionale Universitaria di Torino","og_url":"https:\/\/bnuto.cultura.gov.it\/fr\/location-despaces\/salle-dexposition-filippo-juvarra\/","og_site_name":"Biblioteca Nazionale Universitaria di Torino","article_modified_time":"2026-02-17T13:35:51+00:00","twitter_card":"summary_large_image","twitter_misc":{"Est. reading time":"2 minutes"},"schema":{"@context":"https:\/\/schema.org","@graph":[{"@type":"WebPage","@id":"https:\/\/bnuto.cultura.gov.it\/fr\/location-despaces\/salle-dexposition-filippo-juvarra\/","url":"https:\/\/bnuto.cultura.gov.it\/fr\/location-despaces\/salle-dexposition-filippo-juvarra\/","name":"Salle d'exposition Filippo Juvarra | Biblioteca Nazionale Universitaria di Torino","isPartOf":{"@id":"https:\/\/bnuto.cultura.gov.it\/fr\/#website"},"datePublished":"2023-02-06T10:12:03+00:00","dateModified":"2026-02-17T13:35:51+00:00","breadcrumb":{"@id":"https:\/\/bnuto.cultura.gov.it\/fr\/location-despaces\/salle-dexposition-filippo-juvarra\/#breadcrumb"},"inLanguage":"fr-FR","potentialAction":[{"@type":"ReadAction","target":["https:\/\/bnuto.cultura.gov.it\/fr\/location-despaces\/salle-dexposition-filippo-juvarra\/"]}]},{"@type":"BreadcrumbList","@id":"https:\/\/bnuto.cultura.gov.it\/fr\/location-despaces\/salle-dexposition-filippo-juvarra\/#breadcrumb","itemListElement":[{"@type":"ListItem","position":1,"name":"Home","item":"https:\/\/bnuto.cultura.gov.it\/fr\/"},{"@type":"ListItem","position":2,"name":"Location d\u2019espaces","item":"https:\/\/bnuto.cultura.gov.it\/fr\/location-despaces\/"},{"@type":"ListItem","position":3,"name":"Salle d&#8217;exposition Filippo Juvarra"}]},{"@type":"WebSite","@id":"https:\/\/bnuto.cultura.gov.it\/fr\/#website","url":"https:\/\/bnuto.cultura.gov.it\/fr\/","name":"Biblioteca Nazionale Universitaria di Torino","description":"Un nuovo sito targato WordPress","publisher":{"@id":"https:\/\/bnuto.cultura.gov.it\/fr\/#organization"},"potentialAction":[{"@type":"SearchAction","target":{"@type":"EntryPoint","urlTemplate":"https:\/\/bnuto.cultura.gov.it\/fr\/?s={search_term_string}"},"query-input":{"@type":"PropertyValueSpecification","valueRequired":true,"valueName":"search_term_string"}}],"inLanguage":"fr-FR"},{"@type":"Organization","@id":"https:\/\/bnuto.cultura.gov.it\/fr\/#organization","name":"Biblioteca Nazionale Universitaria di Torino","url":"https:\/\/bnuto.cultura.gov.it\/fr\/","logo":{"@type":"ImageObject","inLanguage":"fr-FR","@id":"https:\/\/bnuto.cultura.gov.it\/fr\/#\/schema\/logo\/image\/","url":"https:\/\/bnuto.cultura.gov.it\/wp-content\/uploads\/2022\/10\/logo-biblioteca-nazionale-nero.png","contentUrl":"https:\/\/bnuto.cultura.gov.it\/wp-content\/uploads\/2022\/10\/logo-biblioteca-nazionale-nero.png","width":70,"height":77,"caption":"Biblioteca Nazionale Universitaria di Torino"},"image":{"@id":"https:\/\/bnuto.cultura.gov.it\/fr\/#\/schema\/logo\/image\/"}}]}},"_links":{"self":[{"href":"https:\/\/bnuto.cultura.gov.it\/fr\/wp-json\/wp\/v2\/pages\/8970","targetHints":{"allow":["GET"]}}],"collection":[{"href":"https:\/\/bnuto.cultura.gov.it\/fr\/wp-json\/wp\/v2\/pages"}],"about":[{"href":"https:\/\/bnuto.cultura.gov.it\/fr\/wp-json\/wp\/v2\/types\/page"}],"author":[{"embeddable":true,"href":"https:\/\/bnuto.cultura.gov.it\/fr\/wp-json\/wp\/v2\/users\/3"}],"replies":[{"embeddable":true,"href":"https:\/\/bnuto.cultura.gov.it\/fr\/wp-json\/wp\/v2\/comments?post=8970"}],"version-history":[{"count":5,"href":"https:\/\/bnuto.cultura.gov.it\/fr\/wp-json\/wp\/v2\/pages\/8970\/revisions"}],"predecessor-version":[{"id":9510,"href":"https:\/\/bnuto.cultura.gov.it\/fr\/wp-json\/wp\/v2\/pages\/8970\/revisions\/9510"}],"up":[{"embeddable":true,"href":"https:\/\/bnuto.cultura.gov.it\/fr\/wp-json\/wp\/v2\/pages\/8927"}],"wp:attachment":[{"href":"https:\/\/bnuto.cultura.gov.it\/fr\/wp-json\/wp\/v2\/media?parent=8970"}],"wp:term":[{"taxonomy":"category_page","embeddable":true,"href":"https:\/\/bnuto.cultura.gov.it\/fr\/wp-json\/wp\/v2\/category_page?post=8970"}],"curies":[{"name":"wp","href":"https:\/\/api.w.org\/{rel}","templated":true}]}}

<section class="l-section wpb_row height_auto"><div class="l-section-h i-cf"><div class="g-cols vc_row via_flex valign_top type_default stacking_default"><div class="vc_col-sm-12 wpb_column vc_column_container"><div class="vc_column-inner"><div class="wpb_wrapper"><div class="wpb_text_column"><div class="wpb_wrapper"><p>L&#8217;espace d&#8217;exposition se compose d&#8217;un hall d&#8217;environ 260 mètres carrés et a été rénové en 2015 en même temps que l&#8217;auditorium Vivaldi.</p>
<p>Il est accessible à la fois depuis l&#8217;entrée principale de la Bibliothèque, par une courte volée de marches, et depuis l&#8217;entrée de l&#8217;Auditorium Antonio Vivaldi sur la Piazza Carlo Alberto 5 ; il est également accessible aux personnes handicapées depuis l&#8217;entrée principale de la Bibliothèque, par deux ascenseurs situés sur le côté de la zone de réception, et depuis l&#8217;entrée de l&#8217;Auditorium par une rampe d&#8217;accès.</p>
<p>Dans le bâtiment, il y a, du côté de la Via Battisti, une allée de chargement et de déchargement, couverte et séparée de l&#8217;accès public, qui peut être utilisée pour la livraison et l&#8217;enlèvement des œuvres dans une zone sécurisée et surveillée par vidéo.</p>
<p>L&#8217;espace d&#8217;exposition n&#8217;a pas de portes donnant sur l&#8217;extérieur du bâtiment.</p>
<p>L&#8217;espace est modulable ; il est composé de vitrines et de présentoirs modernes en verre incassable, équipés d&#8217;une lumière froide pour éclairer les objets exposés.Ces dernières années, des dizaines d&#8217;expositions de toutes sortes ont été organisées : livres, photographies, peintures, sculptures, etc.</p>
</div></div><div class="w-btn-wrapper align_none"><a class="w-btn us-btn-style_2 us_custom_af6a9b6a" target="_blank" href="/wp-content/uploads/2023/07/Facility-report-Sala-Juvarra.pdf"><span class="w-btn-label">Rapport sur les installations</span></a></div></div></div></div></div></div></section>

L&#8217;espace d&#8217;exposition se compose d&#8217;un hall d&#8217;environ 260 mètres carrés et a été rénové en 2015 en même temps que l&#8217;auditorium Vivaldi. Il est accessible à la fois depuis l&#8217;entrée principale de la Bibliothèque, par une courte volée de marches, et depuis l&#8217;entrée de l&#8217;Auditorium Antonio Vivaldi sur la Piazza Carlo Alberto 5 ; il...
